{"id":53,"date":"2011-04-28T19:06:59","date_gmt":"2011-04-28T19:06:59","guid":{"rendered":"http:\/\/fotostudio-essen.de\/?page_id=53"},"modified":"2025-01-16T13:39:48","modified_gmt":"2025-01-16T13:39:48","slug":"preisliste","status":"publish","type":"page","link":"https:\/\/fotostudio-essen.de\/?page_id=53","title":{"rendered":"Preise"},"content":{"rendered":"<p>Wir arbeiten in erster Linie f\u00fcr freiberuflich t\u00e4tige Berufsgruppen wie Rechtsanw\u00e4lte und \u00c4rzte, kleine und mittelst\u00e4ndische Unternehmen, Marketingabteilungen gro\u00dfer Firmen, Verb\u00e4nde, Vereine, Stiftungen sowie Werbe, PR- und Eventagenturen. Die Preise f\u00fcr unsere Kunden sind vom Aufwand, den inhaltlichen Bed\u00fcrfnissen und der Art der sp\u00e4teren Nutzung bzw. Verbreitung abh\u00e4ngig. Bitte erfragen Sie ein individuelles Angebot \u2013 wir beraten und rechnen gern!<\/p>\n<p>Grunds\u00e4tzliche Informationen:<\/p>\n<ul>\n<li>Die Beauftragung ist fotoweise, themenweise oder pauschal (tageweise) m\u00f6glich.<\/li>\n<li><span class=\"\">Mit der \u00dcbergabe der Bilddaten erhalten Sie die zeitlich, r\u00e4umlich und inhaltlich uneingeschr\u00e4nkten Nutzungsrechte an den Aufnahmen.<\/span><\/li>\n<li>Die Optimierung der Bilddaten (Bearbeitung von Tonwerten, Kontrast, Farbs\u00e4ttigung etc.) ist immer im Angebot inkludiert. Eine ggf. von Ihnen gew\u00fcnschte zus\u00e4tzliche Fotoretusche bis hin zu komplexen Composings ist m\u00f6glich und wird auf Stundenbasis abgerechnet.<\/li>\n<\/ul>\n<p>&nbsp;<\/p>\n","protected":false},"excerpt":{"rendered":"<p>Wir arbeiten in erster Linie f\u00fcr freiberuflich t\u00e4tige Berufsgruppen wie Rechtsanw\u00e4lte und \u00c4rzte, kleine und mittelst\u00e4ndische Unternehmen, Marketingabteilungen gro\u00dfer Firmen, Verb\u00e4nde, Vereine, Stiftungen sowie Werbe, PR- und Eventagenturen. Die Preise f\u00fcr unsere Kunden sind vom Aufwand, den inhaltlichen Bed\u00fcrfnissen und &hellip; <a href=\"https:\/\/fotostudio-essen.de\/?page_id=53\">Weiterlesen <span class=\"meta-nav\">&rarr;<\/span><\/a><\/p>\n","protected":false},"author":3,"featured_media":2920,"parent":0,"menu_order":6,"comment_status":"closed","ping_status":"open","template":"","meta":{"_acf_changed":false,"footnotes":""},"class_list":["post-53","page","type-page","status-publish","has-post-thumbnail","hentry"],"acf":[],"_links":{"self":[{"href":"https:\/\/fotostudio-essen.de\/index.php?rest_route=\/wp\/v2\/pages\/53","targetHints":{"allow":["GET"]}}],"collection":[{"href":"https:\/\/fotostudio-essen.de\/index.php?rest_route=\/wp\/v2\/pages"}],"about":[{"href":"https:\/\/fotostudio-essen.de\/index.php?rest_route=\/wp\/v2\/types\/page"}],"author":[{"embeddable":true,"href":"https:\/\/fotostudio-essen.de\/index.php?rest_route=\/wp\/v2\/users\/3"}],"replies":[{"embeddable":true,"href":"https:\/\/fotostudio-essen.de\/index.php?rest_route=%2Fwp%2Fv2%2Fcomments&post=53"}],"version-history":[{"count":16,"href":"https:\/\/fotostudio-essen.de\/index.php?rest_route=\/wp\/v2\/pages\/53\/revisions"}],"predecessor-version":[{"id":1263,"href":"https:\/\/fotostudio-essen.de\/index.php?rest_route=\/wp\/v2\/pages\/53\/revisions\/1263"}],"wp:featuredmedia":[{"embeddable":true,"href":"https:\/\/fotostudio-essen.de\/index.php?rest_route=\/wp\/v2\/media\/2920"}],"wp:attachment":[{"href":"https:\/\/fotostudio-essen.de\/index.php?rest_route=%2Fwp%2Fv2%2Fmedia&parent=53"}],"curies":[{"name":"wp","href":"https:\/\/api.w.org\/{rel}","templated":true}]}}