{"id":21,"date":"2011-04-27T19:24:05","date_gmt":"2011-04-27T19:24:05","guid":{"rendered":"http:\/\/fotostudio-essen.de\/?page_id=21"},"modified":"2025-02-12T10:40:38","modified_gmt":"2025-02-12T10:40:38","slug":"verkorpern","status":"publish","type":"page","link":"https:\/\/fotostudio-essen.de\/?page_id=21","title":{"rendered":"Portraitfotografie"},"content":{"rendered":"<p><strong>Businessportraits &amp; Teamfotos<\/strong><\/p>\n<p>Portraits gelten als K\u00f6nigsdiziplin innerhalb der People-Fotografie. Damit sich Ihr Unternehmen perfekt pr\u00e4sentiert, sind authentische und aussagekr\u00e4ftige Businessportraits der Gesch\u00e4ftsf\u00fchrung, der Mitarbeiter oder ganzer Teams unverzichtbar. Der Mensch mit seinem freundlichen und kompetenten Erscheinungsbild ist die erste Visitenkarte eines Unternehmens, egal aus welcher Branche es kommt.<\/p>\n<p>Die Bildwirkung kann dabei von konservativ bis locker reichen \u2013 je nachdem, wie Sie Ihre Kunden ansprechen m\u00f6chten. Auch bez\u00fcglich der Umsetzung richten wir uns ganz nach Ihren Erfordernissen: Soll das Portrait r\u00e4umlich oder inhaltlich in das Unternehmensumfeld integriert werden? Dann erstellen wir vor Ort Nahportraits mit gr\u00f6\u00dferer oder geringerer Tiefensch\u00e4rfe. Oder m\u00f6chten Sie auf m\u00f6glichst reduzierte Studioaufnahmen zur\u00fcckgreifen? Diese k\u00f6nnen entweder in unserem Fotostudio in Essen-Bredeney, oder &#8211; mit einem mobilen Set bestehend aus Bildhintergrund und Scheinwerfersystem &#8211; ebenfalls in Ihren Gesch\u00e4ftsr\u00e4umen entstehen. Eines ist sicher: Wir machen keine Kompromisse, Sie nat\u00fcrlich gut aussehen zu lassen!<\/p>\n","protected":false},"excerpt":{"rendered":"<p>Businessportraits &amp; Teamfotos Portraits gelten als K\u00f6nigsdiziplin innerhalb der People-Fotografie. Damit sich Ihr Unternehmen perfekt pr\u00e4sentiert, sind authentische und aussagekr\u00e4ftige Businessportraits der Gesch\u00e4ftsf\u00fchrung, der Mitarbeiter oder ganzer Teams unverzichtbar. Der Mensch mit seinem freundlichen und kompetenten Erscheinungsbild ist die erste &hellip; <a href=\"https:\/\/fotostudio-essen.de\/?page_id=21\">Weiterlesen <span class=\"meta-nav\">&rarr;<\/span><\/a><\/p>\n","protected":false},"author":3,"featured_media":0,"parent":19,"menu_order":0,"comment_status":"closed","ping_status":"open","template":"","meta":{"_acf_changed":false,"footnotes":""},"class_list":["post-21","page","type-page","status-publish","hentry"],"acf":[],"_links":{"self":[{"href":"https:\/\/fotostudio-essen.de\/index.php?rest_route=\/wp\/v2\/pages\/21","targetHints":{"allow":["GET"]}}],"collection":[{"href":"https:\/\/fotostudio-essen.de\/index.php?rest_route=\/wp\/v2\/pages"}],"about":[{"href":"https:\/\/fotostudio-essen.de\/index.php?rest_route=\/wp\/v2\/types\/page"}],"author":[{"embeddable":true,"href":"https:\/\/fotostudio-essen.de\/index.php?rest_route=\/wp\/v2\/users\/3"}],"replies":[{"embeddable":true,"href":"https:\/\/fotostudio-essen.de\/index.php?rest_route=%2Fwp%2Fv2%2Fcomments&post=21"}],"version-history":[{"count":10,"href":"https:\/\/fotostudio-essen.de\/index.php?rest_route=\/wp\/v2\/pages\/21\/revisions"}],"predecessor-version":[{"id":2940,"href":"https:\/\/fotostudio-essen.de\/index.php?rest_route=\/wp\/v2\/pages\/21\/revisions\/2940"}],"up":[{"embeddable":true,"href":"https:\/\/fotostudio-essen.de\/index.php?rest_route=\/wp\/v2\/pages\/19"}],"wp:attachment":[{"href":"https:\/\/fotostudio-essen.de\/index.php?rest_route=%2Fwp%2Fv2%2Fmedia&parent=21"}],"curies":[{"name":"wp","href":"https:\/\/api.w.org\/{rel}","templated":true}]}}

<p><strong>Businessportraits &amp; Teamfotos</strong></p>
<p>Portraits gelten als Königsdiziplin innerhalb der People-Fotografie. Damit sich Ihr Unternehmen perfekt präsentiert, sind authentische und aussagekräftige Businessportraits der Geschäftsführung, der Mitarbeiter oder ganzer Teams unverzichtbar. Der Mensch mit seinem freundlichen und kompetenten Erscheinungsbild ist die erste Visitenkarte eines Unternehmens, egal aus welcher Branche es kommt.</p>
<p>Die Bildwirkung kann dabei von konservativ bis locker reichen – je nachdem, wie Sie Ihre Kunden ansprechen möchten. Auch bezüglich der Umsetzung richten wir uns ganz nach Ihren Erfordernissen: Soll das Portrait räumlich oder inhaltlich in das Unternehmensumfeld integriert werden? Dann erstellen wir vor Ort Nahportraits mit größerer oder geringerer Tiefenschärfe. Oder möchten Sie auf möglichst reduzierte Studioaufnahmen zurückgreifen? Diese können entweder in unserem Fotostudio in Essen-Bredeney, oder &#8211; mit einem mobilen Set bestehend aus Bildhintergrund und Scheinwerfersystem &#8211; ebenfalls in Ihren Geschäftsräumen entstehen. Eines ist sicher: Wir machen keine Kompromisse, Sie natürlich gut aussehen zu lassen!</p>

<p>Businessportraits &amp; Teamfotos Portraits gelten als Königsdiziplin innerhalb der People-Fotografie. Damit sich Ihr Unternehmen perfekt präsentiert, sind authentische und aussagekräftige Businessportraits der Geschäftsführung, der Mitarbeiter oder ganzer Teams unverzichtbar. Der Mensch mit seinem freundlichen und kompetenten Erscheinungsbild ist die erste &hellip; <a href="https://fotostudio-essen.de/?page_id=21">Weiterlesen <span class="meta-nav">&rarr;</span></a></p>
